st the prime factors of t(p).
3, 5
Suppose 2*g - 13 = 371. What are the prime factors of g?
2, 3
Suppose 0*s + 2*y = -s - 7, 0 = s - 5*y + 7. Let p(j) = j**2 + 6*j - 5. List the prime factors of p(s).
2
Suppose 0 = 5*n - 9 - 1. Let v = -7 + 13. Suppose 4*s = n*y + 34 - 6, 3*y - v = 0. List the prime factors of s.
2
Suppose z - 4*z = -117. What are the prime factors of z?
3, 13
Let p = -33 - -118. What are the prime factors of p?
5, 17
Let k(g) = -4*g + 38. List the prime factors of k(6).
2, 7
Suppose 5*i - 30 = -0*i. Suppose -3*w + i*w = -2*d + 10, -3*d = 12. Let s(x) = 2*x - 6. List the prime factors of s(w).
2, 3
Suppose 5*h + 14 = -k, -k = 3*k - 3*h - 36. List the prime factors of k.
2, 3
Suppose -30 = -5*k - 5*r, r = 3*k - 3*r + 3. Let q = -1 + k. What are the prime factors of 12*((-8)/(-6))/q?
2
What are the prime factors of (-4 + (17 - -3))*4?
2
Let k = -5 + 2. Let b = 7 + k. Suppose -4*i + b = -44. List the prime factors of i.
2, 3
Let d = 39 - 2. List the prime factors of d.
37
Suppose -5 = 2*o + 2*z + 3*z, -2*z - 2 = 5*o. Let n = 2 - o. Suppose 0 = -3*l - n*l + 25. What are the prime factors of l?
5
Let i(o) = o**3 - 5*o**2 + 5*o - 1. List the prime factors of i(6).
5, 13
Let f = 6 + -1. Suppose 3*b + 459 = f*x, b + 2*b = -9. What are the prime factors of (-2)/(-2)*x/5?
2, 3
What are the prime factors of (-11)/2*12/(-6)?
11
What are the prime factors of 1/((-3)/(-310 + 1))?
103
Let j be 60/27 + 2/(-9). Suppose 10 = j*q - 2. List the prime factors of q.
2, 3
Suppose 0 = -3*i - 2*s + 8, 2*i - 10 = -i - s. Suppose 0 = p - a - 25, -2*p - 8 = i*a - 28. What are the prime factors of p?
2, 5
Suppose -d + 4*z + 22 = 0, z + z = -d + 46. What are the prime factors of d?
2, 19
Suppose -5*f = 3*l - 696, 5*l - 48 = -f + 78. List the prime factors of f.
3, 47
What are the prime factors of (411/12)/((-1)/(-4))?
137
Let h(a) = a**3 - 3*a**2 - 8*a + 4. Let s be h(5). Let q be (-52)/(-14) + 4/14. Suppose q*o + o = 5, -o = -x + s. List the prime factors of x.
3, 5
Let c = 0 + -1. List the prime factors of (9 + -4)/(0 - c).
5
Suppose 3*z = -11 - 40. Let m = z - -29. Let i = m + -2. List the prime factors of i.
2, 5
Let m = -23 + 433. List the prime factors of m/18 + (-6)/(-27).
23
Let t be 1*2*(-6)/4. Let z(v) = v**3 + 3*v**2 - 2*v - 4. Let p be z(t). List the prime factors of 19/p - 4/8.
3
Suppose -4*k - 2*c = -5*k - 5, k - 13 = -4*c. Suppose 5*m = -k - 9. Let o = 5 + m. List the prime factors of o.
3
Let q = -4 + 15. Suppose 4*o = 2*w - 10, 3*w - 4*o - q = -2*o. List the prime factors of w.
3
Suppose 0 = -2*g - 2*g. Suppose g = -7*b + 4*b + 21. Suppose -3*p + b*p - 52 = 0. What are the prime factors of p?
13
Let h = 38 + -36. What are the prime factors of h?
2
Suppose -4*y + 19 = -45. List the prime factors of y.
2
Suppose 0*i - 3*i = 2*p + 118, 79 = -2*i - p. Let b be 2/6 + i/(-15). Suppose 0*t + 24 = b*t. What are the prime factors of t?
2
Let d(a) = a**2 - 30*a + 13. What are the prime factors of d(30)?
13
Let p = 5 - 0. Suppose -10 = 5*f - 50. Suppose -f - 7 = -p*s. What are the prime factors of s?
3
Suppose -i + 10 = -z - 15, -4*i = 5*z - 82. List the prime factors of i.
23
Let q = 1 + -11. Let m be q/8 + 4/16. Let n = 3 + m. What are the prime factors of n?
2
Suppose -3*k - k = -44. List the prime factors of k.
11
Let y = -11 + 12. Suppose -2*o - 7 - 3 = 2*v, -o = -4*v - 10. What are the prime factors of (-1 + y)/o - -12?
2, 3
Suppose 7*g - 10*g = -210. What are the prime factors of g?
2, 5, 7
Let l = 156 - 55. List the prime factors of l.
101
Let t(j) = j + 16. List the prime factors of t(12).
2, 7
Let c = 2 - 0. Let q = c - 7. List the prime factors of (-50)/(-15)*(-12)/q.
2
Let a = -5 - -12. Let l(d) = -d**2 + d. Let u(m) = -4*m**2 + 9*m - 3. Let v(k) = 3*l(k) - u(k). List the prime factors of v(a).
2, 5
Let i be (-1464)/28 + (-2)/(-7). Let b = i + 73. What are the prime factors of b?
3, 7
Suppose -2*g = -91 + 23. Let o = g - 24. Let p = 12 - o. List the prime factors of p.
2
Let h = -72 + 177. List the prime factors of h.
3, 5, 7
Let r = 40 + -7. Let k = r + -20. What are the prime factors of k?
13
Let y be 2/(-6) - (-104)/6. Suppose y = -2*v + 5*l, -5*v + 2*l + 2 = -2*v. What are the prime factors of v?
2
Suppose -5*o = -3*n + 135, -2*o - 45 = -n + 2*o. What are the prime factors of n?
3, 5
Let n be (0 + 4 + -2)/1. Suppose 0*d - 22 = -n*d. What are the prime factors of d?
11
Suppose -u + 0 = -3. Suppose -2*n + 10 = -g, 2*n - 1 = -2*g + u. Suppose -4*l = -5*l + n. List the prime factors of l.
2
Suppose -8*h = -4*h + 12. Let u(k) be the first derivative of -k**4/4 - k**3 - k**2 - 3*k - 1. What are the prime factors of u(h)?
3
Suppose n - 3 = -2*n. Let d = 11 - 13. What are the prime factors of (3*d)/(-3)*n?
2
Suppose -2*k = -2*a - 1 - 17, -4*k + 49 = -5*a. Let o = 26 + a. What are the prime factors of o?
13
Let n = 24 - 18. Suppose -36 + 12 = -2*l. Suppose 3*o = l + n. What are the prime factors of o?
2, 3
Let q = 32 + -12. What are the prime factors of q?
2, 5
Let l(t) = t + 1 + 5 - 1. List the prime factors of l(6).
11
Let m = -6 - -5. List the prime factors of m*(-1 - -2) - -10.
3
Suppose 95 = 3*x + 5*f, -2*x - 2*f + 100 - 34 = 0. List the prime factors of x.
5, 7
Let v = 38 + -22. What are the prime factors of v?
2
Let x = 60 + -36. List the prime factors of x.
2, 3
Let u = 6 + -44. List the prime factors of -1*2*(u + 15).
2, 23
Suppose z + 360 = 4*z. List the prime factors of z.
2, 3, 5
Let b(s) = s - 5. Let r(d) be the second derivative of 5*d**2/2 - 3*d. Let x(y) = -2*b(y) - 3*r(y). List the prime factors of x(-8).
11
Let i = 14 - 12. Suppose -i*a + 12 = -5*t + 146, -2*t + a = -54. List the prime factors of t.
2, 13
Suppose 2*j = -4*t + 12, 4*j = 2*t + t + 2. Suppose 0 = -2*o + 3*a - 0*a + 19, -t*o - a = -31. List the prime factors of o.
2, 7
Let d = -16 + 38. What are the prime factors of d?
2, 11
Let s be ((-99)/6)/(2/(-24)). Suppose -4*r + 62 = -s. Suppose 0 = 2*k + 3*k - r. What are the prime factors of k?
13
Let o = -13 + 8. Let j(y) = y**2 + 5*y + 5. List the prime factors of j(o).
5
Suppose -4 = -g - g. Suppose 19 + g = h. What are the prime factors of h?
3, 7
Let o(y) = y**3 - 4*y**2 - 3*y + 1. Let r be (3 + 2)*(0 + 1). List the prime factors of o(r).
11
Let n(w) = -w**2 + 7*w + 2. Let r be ((-6)/(-9))/(1/(-21)). Let l be (-7)/(-21) - r/3. List the prime factors of n(l).
2, 3
Let u be (3/(-5) + -1)*-5. Let g = 11 - u. What are the prime factors of g?
3
Let r = 25 + -25. Suppose 0 = -3*a - 3*z, -2*z = -0*a - a. Suppose a = -2*x - r + 8. List the prime factors of x.
2
Suppose -4*n - 719 = -3*p, 3*p - n + 709 = 6*p. Let r be 2/8 - p/(-12). Suppose -3*c + 19 + r = 0. List the prime factors of c.
13
Suppose 5 = 5*b - 5. Suppose 0*w + 2*w - 16 = 5*u, 3*u + 16 = -b*w. Let y = u + 12. List the prime factors of y.
2
Let l = 1 + 2. Suppose 0 = 3*a + l, 4 = -o - a + 3. Let f = o + 11. What are the prime factors of f?
11
Let z(w) = -w**2 - 8*w - 5. Let o be z(-7). Let u(r) = 2*r**3 - 3*r**2 + 2*r. List the prime factors of u(o).
2
Suppose 0 = 2*k - k - 4. Let i(m) = -m**2 + 5*m + 2. List the prime factors of i(k).
2, 3
Let z(n) = 3 + n + 2 - 4. Let c be 2/6 - 156/(-18). What are the prime factors of z(c)?
2, 5
Suppose -23 - 13 = -4*s. List the prime factors of s.
3
Let s(z) = z + 7. Let t be s(-5). Suppose w + 3 = t*w. Suppose w*x - 10 = -2*x. What are the prime factors of x?
2
Suppose -2*r - 2*z + 22 = -0*z, -4*z + 14 = 2*r. Let b = r + -11. Suppose 24 = 4*u - b. List the prime factors of u.
7
Suppose 2*l = 2 + 4. Let u(q) be the first derivative of -q**4/4 + 2*q**3/3 + 5*q**2/2 - 4*q - 6. List the prime factors of u(l).
2
List the prime factors of 2/(-8)*-4*111.
3, 37
Suppose -6 = -0*c + 3*c. What are the prime factors of -3 + (30/2 - c)?
2, 7
Suppose 5*j + 252 = 2*y, 7*j - 448 = -4*y + 3*j. List the prime factors of (-1)/2 + y/8.
2, 7
Let q be 10 + 3 + -2 + 0. Let u = q - 1. What are the prime factors of u?
2, 5
Let t(n) be the second derivative of 1/2*n**3 + 0 - 5/2*n**2 + 1/6*n**4 + 3*n. List the prime factors of t(-4).
3, 5
Let u(p) = -p**3 + 4*p**2 - 2*p - 2. Let n be u(2). Let g be (-3)/(n/(12/(-9))). Suppose b + c = -g*c - 1, -10 = -2*b - 3*c. List the prime factors of b.
11
Let s(z) = z**2 + 3*z + 6. Let r be s(-4). Suppose 0